is the ten thousands digit of 80439?
8
What is the hundreds digit of 10460?
4
What is the tens digit of 1602?
0
What is the tens digit of 34626?
2
What is the thousands digit of 2172?
2
What is the tens digit of 48814?
1
What is the thousands digit of 2870?
2
What is the hundreds digit of 81683?
6
What is the units digit of 1981?
1
What is the hundred thousands digit of 144362?
1
What is the ten thousands digit of 62001?
6
What is the thousands digit of 21072?
1
What is the tens digit of 88553?
5
What is the units digit of 248?
8
What is the units digit of 2707?
7
What is the tens digit of 581?
8
What is the tens digit of 1049?
4
What is the thousands digit of 2816?
2
What is the hundreds digit of 202?
2
What is the ten thousands digit of 12560?
1
What is the tens digit of 399?
9
What is the tens digit of 19585?
8
What is the hundreds digit of 1617?
6
What is the tens digit of 7073?
7
What is the hundreds digit of 591?
5
What is the hundreds digit of 1516?
5
What is the hundreds digit of 2488?
4
What is the thousands digit of 46985?
6
What is the thousands digit of 1651?
1
What is the tens digit of 5957?
5
What is the units digit of 40049?
9
What is the thousands digit of 1019?
1
What is the hundreds digit of 4729?
7
What is the hundreds digit of 16449?
4
What is the tens digit of 4990?
9
What is the tens digit of 1064?
6
What is the ten thousands digit of 54208?
5
What is the units digit of 898?
8
What is the tens digit of 35642?
4
What is the tens digit of 647?
4
What is the thousands digit of 2250?
2
What is the units digit of 61335?
5
What is the tens digit of 1039?
3
What is the units digit of 17175?
5
What is the thousands digit of 1531?
1
What is the thousands digit of 53171?
3
What is the hundreds digit of 5402?
4
What is the ten thousands digit of 102657?
0
What is the units digit of 28378?
8
What is the tens digit of 790?
9
What is the tens digit of 12731?
3
What is the hundreds digit of 1231?
2
What is the tens digit of 110319?
1
What is the thousands digit of 5941?
5
What is the hundreds digit of 66377?
3
What is the hundreds digit of 1211?
2
What is the units digit of 25054?
4
What is the tens digit of 19321?
2
What is the units digit of 3424?
4
What is the thousands digit of 14425?
4
What is the thousands digit of 93043?
3
What is the ten thousands digit of 53535?
5
What is the tens digit of 70?
7
What is the hundreds digit of 9181?
1
What is the units digit of 464?
4
What is the hundreds digit of 265?
2
What is the tens digit of 37942?
4
What is the thousands digit of 2816?
2
What is the thousands digit of 63815?
3
What is the tens digit of 3052?
5
What is the tens digit of 1226?
2
What is the tens digit of 2020?
2
What is the units digit of 1155?
5
What is the units digit of 14996?
6
What is the thousands digit of 1165?
1
What is the tens digit of 5867?
6
What is the hundreds digit of 4838?
8
What is the hundreds digit of 629?
6
What is the thousands digit of 3648?
3
What is the hundreds digit of 777?
7
What is the tens digit of 23002?
0
What is the hundreds digit of 4925?
9
What is the tens digit of 26120?
2
What is the units digit of 215?
5
What is the ten thousands digit of 83450?
8
What is the hundreds digit of 3084?
0
What is the thousands digit of 11557?
1
What is the thousands digit of 13077?
3
What is the tens digit of 7034?
3
What is the thousands digit of 1620?
1
What is the tens digit of 2254?
5
What is the hundreds digit of 2249?
2
What is the tens digit of 1405?
0
What is the tens digit of 18319?
1
What is the thousands digit of 9560?
9
What is the hundreds digit of 7877?
8
What is the tens digit of 91?
9
What is the units digit of 58902?
2
What is the tens digit of 3407?
0
What is the units digit of 1166?
6
What is the tens digit of 1880?
8
What is the ten thousands digit of 68935?
6
What is the ten thousands digit of 45745?
4
What is the thousands digit of 6895?
6
What is the hundreds digit of 492?
4
What is the tens digit of 3705?
0
What is the tens digit of 58?
5
What is the units digit of 304?
4
What is the thousands digit of 2095?
2
What is the hundreds digit of 5033?
0
What is the ten thousands digit of 79688?
7
What is the thousands digit of 16260?
6
What is the hundreds digit of 1198?
1
What is the ten thousands digit of 87918?
8
What is the thousands digit of 77095?
7
What is the ten thousands digit of 82803?
8
What is the thousands digit of 1982?
1
What is the hundreds digit of 2721?
7
What is the tens digit of 3724?
2
What is the hundreds digit of 20065?
0
What is the hundreds digit of 1562?
5
What is the units digit of 9770?
0
What is the thousands digit of 5056?
5
What is the tens digit of 1618?
1
What is the tens digit of 9304?
0
What is the tens digit of 662?
6
What is the hundreds digit of 714?
7
What is the hundreds digit of 44251?
2
What is the tens digit of 486?
8
What is the ten thousands digit of 10818?
1
What is the thousands digit of 1856?
1
What is the units digit of 5494?
4
What is the hundreds digit of 2864?
8
What is the ten thousands digit of 83387?
8
What is the thousands digit of 3897?
3
What is the units digit of 479?
9
What is the thousands digit of 2267?
2
What is the ten thousands digit of 83231?
8
What is the ten thousands digit of 21746?
2
What is the tens digit of 26484?
8
What is the hundreds digit of 7588?
5
What is the tens digit of 25425?
2
What is the thousands digit of 2319?
2
What is the hundreds digit of 535?
5
What is the tens digit of 1032?
3
What is the ten thousands digit of 21991?
2
What is the tens digit of 516?
1
What is the units digit of 582?
2
What is the tens digit of 64409?
0
What is the hundreds digit of 3929?
9
What is the tens digit of 193?
9
What is the tens digit of 31310?
1
What is the hundreds digit of 70878?
8
What is the tens digit of 6235?
3
What is the hundreds digit of 17552?
5
What is the tens digit of 20350?
5
What is the units digit of 22?
2
What is the tens digit of 3516?
1
What is the thousands digit of 2405?
2
What is the ten thousands digit of 69455?
6
What is the hundreds digit of 7578?
5
What is the units digit of 521?
1
What is the units digit of 5627?
7
What is the hundreds digit of 9249?
2
What is the thousands digit of 11755?
1
What is the thousands digit of 103995?
3
What is the hundred thousands digit of 135030?
1
What is the thousands digit of 21016?
1
What is the thousands digit of 8013?
8
What is the units digit of 221?
1
What is the units digit of 2303?
3
What is the hundreds digit of 7940?
9
What is the tens digit of 3241?
4
What is the hundreds digit of 5769?
7
What is the hundreds digit of 909?
9
What is the thousands digit of 1172?
1
What is the tens digit of 879?
7
What is the hundreds digit of 513?
5
What is the units digit of 1042?
2
What is the thousands digit of 4206?
4
What is the units digit of 3440?
0
What is the tens digit of 1186?
8
What is the hundreds digit of 422?
4
What is the units digit of 14687?
7
What is the units digit of 657?
7
What is the tens digit of 2430?
3
What is the units digit of 30664?
4
What is the ten thousands digit of 73594?
7
What is the units digit of 43576?
6
What is the tens digit of 25627?
2
What is the thousands digit of 7687?
7
What is the tens digit of 59123?
2
What is the hundred thousands digit of 121867?
1
What is the ten thousands digit of 35479?
3
What is the tens digit of 911?
1
What is the tens digit of 56365?
6
What is the tens digit of 1267?
6
What is the thousands digit of 117381?
7
What is the hundreds digit of 29613?
6
What is the hundreds digit of 1429?
4
What is the ten thousands digit of 23279?
2
What is the thousands digit of 7398?
7
What is the units digit of 2371?
1
What is the tens digit of 5611?
1
What is the hundreds digit of 30429?
4
What is the hundreds digit of 47536?
5
What is the thousands digit of 11124?
1
What is the tens digit of 5671?
7
What is the thousands digit of 22649?
2
What is the units digit of 4110?
0
What is the tens digit of 210?
1
What is the units digit of 1838?
8
What is the units digit of 260?
0
What is the units digit of 417?
7
What is the tens digit of 4743?
4
What is the hundreds digit of 45093?
0
What is the units digit of 24561?
1
What is the units digit of 9409?
9
What is the units digit of 46248?
8
What is the tens digit of 650